{"id":1613,"date":"2018-11-06T11:48:58","date_gmt":"2018-11-06T19:48:58","guid":{"rendered":"http:\/\/www.sagebrushquiltersguild.ca\/?page_id=1613"},"modified":"2019-09-10T16:47:29","modified_gmt":"2019-09-10T23:47:29","slug":"2018-sagebrush-sorrento-retreat","status":"publish","type":"page","link":"http:\/\/www.sagebrushquiltersguild.ca\/?page_id=1613","title":{"rendered":"Sagebrush Sorrento Retreat, Fall 2018"},"content":{"rendered":"<p>Every year at Sagebrush Quilters&#8217; Guild, we have 2 retreats, one in the spring in March and one in the fall in November. We have great fun, quilting and enjoying our friends each time.<\/p>\n<p>Photos by Sandy M.<\/p>\n<p class=\"jetpack-slideshow-noscript robots-nocontent\">This slideshow requires JavaScript.<\/p><div id=\"gallery-1613-1-slideshow\" class=\"jetpack-slideshow-window jetpack-slideshow jetpack-slideshow-black\" data-trans=\"fade\" data-autostart=\"1\" data-gallery=\"[{&quot;src&quot;:&quot;https:\\\/\\\/i0.wp.com\\\/www.sagebrushquiltersguild.ca\\\/wp-content\\\/uploads\\\/2018\\\/11\\\/IMG_1009.jpg?fit=2448%2C3264&quot;,&quot;id&quot;:&quot;1614&quot;,&quot;title&quot;:&quot;IMG_1009&quot;,&quot;alt&quot;:&quot;&quot;,&quot;caption&quot;:&quot;&quot;,&quot;itemprop&quot;:&quot;image&quot;},{&quot;src&quot;:&quot;https:\\\/\\\/i0.wp.com\\\/www.sagebrushquiltersguild.ca\\\/wp-content\\\/uploads\\\/2018\\\/11\\\/IMG_1953.jpg?fit=720%2C480&quot;,&quot;id&quot;:&quot;1616&quot;,&quot;title&quot;:&quot;IMG_1953&quot;,&quot;alt&quot;:&quot;&quot;,&quot;caption&quot;:&quot;&quot;,&quot;itemprop&quot;:&quot;image&quot;},{&quot;src&quot;:&quot;https:\\\/\\\/i0.wp.com\\\/www.sagebrushquiltersguild.ca\\\/wp-content\\\/uploads\\\/2018\\\/11\\\/IMG_1954.jpg?fit=720%2C480&quot;,&quot;id&quot;:&quot;1617&quot;,&quot;title&quot;:&quot;IMG_1954&quot;,&quot;alt&quot;:&quot;&quot;,&quot;caption&quot;:&quot;&quot;,&quot;itemprop&quot;:&quot;image&quot;},{&quot;src&quot;:&quot;https:\\\/\\\/i0.wp.com\\\/www.sagebrushquiltersguild.ca\\\/wp-content\\\/uploads\\\/2018\\\/11\\\/IMG_1955.jpg?fit=720%2C480&quot;,&quot;id&quot;:&quot;1618&quot;,&quot;title&quot;:&quot;IMG_1955&quot;,&quot;alt&quot;:&quot;&quot;,&quot;caption&quot;:&quot;&quot;,&quot;itemprop&quot;:&quot;image&quot;},{&quot;src&quot;:&quot;https:\\\/\\\/i0.wp.com\\\/www.sagebrushquiltersguild.ca\\\/wp-content\\\/uploads\\\/2018\\\/11\\\/IMG_1956.jpg?fit=720%2C480&quot;,&quot;id&quot;:&quot;1619&quot;,&quot;title&quot;:&quot;IMG_1956&quot;,&quot;alt&quot;:&quot;&quot;,&quot;caption&quot;:&quot;&quot;,&quot;itemprop&quot;:&quot;image&quot;},{&quot;src&quot;:&quot;https:\\\/\\\/i0.wp.com\\\/www.sagebrushquiltersguild.ca\\\/wp-content\\\/uploads\\\/2018\\\/11\\\/IMG_1957.jpg?fit=720%2C480&quot;,&quot;id&quot;:&quot;1620&quot;,&quot;title&quot;:&quot;IMG_1957&quot;,&quot;alt&quot;:&quot;&quot;,&quot;caption&quot;:&quot;&quot;,&quot;itemprop&quot;:&quot;image&quot;},{&quot;src&quot;:&quot;https:\\\/\\\/i0.wp.com\\\/www.sagebrushquiltersguild.ca\\\/wp-content\\\/uploads\\\/2018\\\/11\\\/IMG_1959.jpg?fit=720%2C480&quot;,&quot;id&quot;:&quot;1621&quot;,&quot;title&quot;:&quot;IMG_1959&quot;,&quot;alt&quot;:&quot;&quot;,&quot;caption&quot;:&quot;&quot;,&quot;itemprop&quot;:&quot;image&quot;},{&quot;src&quot;:&quot;https:\\\/\\\/i0.wp.com\\\/www.sagebrushquiltersguild.ca\\\/wp-content\\\/uploads\\\/2018\\\/11\\\/IMG_1961.jpg?fit=720%2C480&quot;,&quot;id&quot;:&quot;1622&quot;,&quot;title&quot;:&quot;IMG_1961&quot;,&quot;alt&quot;:&quot;&quot;,&quot;caption&quot;:&quot;&quot;,&quot;itemprop&quot;:&quot;image&quot;},{&quot;src&quot;:&quot;https:\\\/\\\/i0.wp.com\\\/www.sagebrushquiltersguild.ca\\\/wp-content\\\/uploads\\\/2018\\\/11\\\/IMG_1962.jpg?fit=720%2C480&quot;,&quot;id&quot;:&quot;1623&quot;,&quot;title&quot;:&quot;IMG_1962&quot;,&quot;alt&quot;:&quot;&quot;,&quot;caption&quot;:&quot;&quot;,&quot;itemprop&quot;:&quot;image&quot;},{&quot;src&quot;:&quot;https:\\\/\\\/i0.wp.com\\\/www.sagebrushquiltersguild.ca\\\/wp-content\\\/uploads\\\/2018\\\/11\\\/IMG_1965.jpg?fit=720%2C480&quot;,&quot;id&quot;:&quot;1624&quot;,&quot;title&quot;:&quot;IMG_1965&quot;,&quot;alt&quot;:&quot;&quot;,&quot;caption&quot;:&quot;&quot;,&quot;itemprop&quot;:&quot;image&quot;},{&quot;src&quot;:&quot;https:\\\/\\\/i0.wp.com\\\/www.sagebrushquiltersguild.ca\\\/wp-content\\\/uploads\\\/2018\\\/11\\\/IMG_1967.jpg?fit=720%2C480&quot;,&quot;id&quot;:&quot;1625&quot;,&quot;title&quot;:&quot;IMG_1967&quot;,&quot;alt&quot;:&quot;&quot;,&quot;caption&quot;:&quot;&quot;,&quot;itemprop&quot;:&quot;image&quot;},{&quot;src&quot;:&quot;https:\\\/\\\/i0.wp.com\\\/www.sagebrushquiltersguild.ca\\\/wp-content\\\/uploads\\\/2018\\\/11\\\/IMG_1969.jpg?fit=720%2C480&quot;,&quot;id&quot;:&quot;1626&quot;,&quot;title&quot;:&quot;IMG_1969&quot;,&quot;alt&quot;:&quot;&quot;,&quot;caption&quot;:&quot;&quot;,&quot;itemprop&quot;:&quot;image&quot;},{&quot;src&quot;:&quot;https:\\\/\\\/i0.wp.com\\\/www.sagebrushquiltersguild.ca\\\/wp-content\\\/uploads\\\/2018\\\/11\\\/IMG_1971.jpg?fit=720%2C480&quot;,&quot;id&quot;:&quot;1627&quot;,&quot;title&quot;:&quot;IMG_1971&quot;,&quot;alt&quot;:&quot;&quot;,&quot;caption&quot;:&quot;&quot;,&quot;itemprop&quot;:&quot;image&quot;},{&quot;src&quot;:&quot;https:\\\/\\\/i0.wp.com\\\/www.sagebrushquiltersguild.ca\\\/wp-content\\\/uploads\\\/2018\\\/11\\\/IMG_1973.jpg?fit=720%2C480&quot;,&quot;id&quot;:&quot;1628&quot;,&quot;title&quot;:&quot;IMG_1973&quot;,&quot;alt&quot;:&quot;&quot;,&quot;caption&quot;:&quot;&quot;,&quot;itemprop&quot;:&quot;image&quot;},{&quot;src&quot;:&quot;https:\\\/\\\/i0.wp.com\\\/www.sagebrushquiltersguild.ca\\\/wp-content\\\/uploads\\\/2018\\\/11\\\/IMG_1974.jpg?fit=720%2C480&quot;,&quot;id&quot;:&quot;1629&quot;,&quot;title&quot;:&quot;IMG_1974&quot;,&quot;alt&quot;:&quot;&quot;,&quot;caption&quot;:&quot;&quot;,&quot;itemprop&quot;:&quot;image&quot;},{&quot;src&quot;:&quot;https:\\\/\\\/i0.wp.com\\\/www.sagebrushquiltersguild.ca\\\/wp-content\\\/uploads\\\/2018\\\/11\\\/IMG_1975.jpg?fit=720%2C480&quot;,&quot;id&quot;:&quot;1630&quot;,&quot;title&quot;:&quot;IMG_1975&quot;,&quot;alt&quot;:&quot;&quot;,&quot;caption&quot;:&quot;&quot;,&quot;itemprop&quot;:&quot;image&quot;},{&quot;src&quot;:&quot;https:\\\/\\\/i0.wp.com\\\/www.sagebrushquiltersguild.ca\\\/wp-content\\\/uploads\\\/2018\\\/11\\\/IMG_1976.jpg?fit=720%2C480&quot;,&quot;id&quot;:&quot;1631&quot;,&quot;title&quot;:&quot;IMG_1976&quot;,&quot;alt&quot;:&quot;&quot;,&quot;caption&quot;:&quot;&quot;,&quot;itemprop&quot;:&quot;image&quot;},{&quot;src&quot;:&quot;https:\\\/\\\/i0.wp.com\\\/www.sagebrushquiltersguild.ca\\\/wp-content\\\/uploads\\\/2018\\\/11\\\/IMG_1977.jpg?fit=720%2C480&quot;,&quot;id&quot;:&quot;1632&quot;,&quot;title&quot;:&quot;IMG_1977&quot;,&quot;alt&quot;:&quot;&quot;,&quot;caption&quot;:&quot;&quot;,&quot;itemprop&quot;:&quot;image&quot;},{&quot;src&quot;:&quot;https:\\\/\\\/i0.wp.com\\\/www.sagebrushquiltersguild.ca\\\/wp-content\\\/uploads\\\/2018\\\/11\\\/IMG_1980.jpg?fit=720%2C480&quot;,&quot;id&quot;:&quot;1633&quot;,&quot;title&quot;:&quot;IMG_1980&quot;,&quot;alt&quot;:&quot;&quot;,&quot;caption&quot;:&quot;&quot;,&quot;itemprop&quot;:&quot;image&quot;},{&quot;src&quot;:&quot;https:\\\/\\\/i0.wp.com\\\/www.sagebrushquiltersguild.ca\\\/wp-content\\\/uploads\\\/2018\\\/11\\\/IMG_1983-e1541533346751.jpg?fit=480%2C720&quot;,&quot;id&quot;:&quot;1634&quot;,&quot;title&quot;:&quot;IMG_1983&quot;,&quot;alt&quot;:&quot;&quot;,&quot;caption&quot;:&quot;&quot;,&quot;itemprop&quot;:&quot;image&quot;},{&quot;src&quot;:&quot;https:\\\/\\\/i0.wp.com\\\/www.sagebrushquiltersguild.ca\\\/wp-content\\\/uploads\\\/2018\\\/11\\\/IMG_1993.jpg?fit=720%2C480&quot;,&quot;id&quot;:&quot;1635&quot;,&quot;title&quot;:&quot;IMG_1993&quot;,&quot;alt&quot;:&quot;&quot;,&quot;caption&quot;:&quot;&quot;,&quot;itemprop&quot;:&quot;image&quot;},{&quot;src&quot;:&quot;https:\\\/\\\/i0.wp.com\\\/www.sagebrushquiltersguild.ca\\\/wp-content\\\/uploads\\\/2018\\\/11\\\/IMG_1997.jpg?fit=720%2C480&quot;,&quot;id&quot;:&quot;1636&quot;,&quot;title&quot;:&quot;IMG_1997&quot;,&quot;alt&quot;:&quot;&quot;,&quot;caption&quot;:&quot;&quot;,&quot;itemprop&quot;:&quot;image&quot;},{&quot;src&quot;:&quot;https:\\\/\\\/i0.wp.com\\\/www.sagebrushquiltersguild.ca\\\/wp-content\\\/uploads\\\/2018\\\/11\\\/IMG_1998.jpg?fit=720%2C480&quot;,&quot;id&quot;:&quot;1637&quot;,&quot;title&quot;:&quot;IMG_1998&quot;,&quot;alt&quot;:&quot;&quot;,&quot;caption&quot;:&quot;&quot;,&quot;itemprop&quot;:&quot;image&quot;},{&quot;src&quot;:&quot;https:\\\/\\\/i0.wp.com\\\/www.sagebrushquiltersguild.ca\\\/wp-content\\\/uploads\\\/2018\\\/11\\\/IMG_2002-e1541533375213.jpg?fit=480%2C720&quot;,&quot;id&quot;:&quot;1638&quot;,&quot;title&quot;:&quot;IMG_2002&quot;,&quot;alt&quot;:&quot;&quot;,&quot;caption&quot;:&quot;&quot;,&quot;itemprop&quot;:&quot;image&quot;},{&quot;src&quot;:&quot;https:\\\/\\\/i0.wp.com\\\/www.sagebrushquiltersguild.ca\\\/wp-content\\\/uploads\\\/2018\\\/11\\\/IMG_2004.jpg?fit=720%2C480&quot;,&quot;id&quot;:&quot;1639&quot;,&quot;title&quot;:&quot;IMG_2004&quot;,&quot;alt&quot;:&quot;&quot;,&quot;caption&quot;:&quot;&quot;,&quot;itemprop&quot;:&quot;image&quot;},{&quot;src&quot;:&quot;https:\\\/\\\/i0.wp.com\\\/www.sagebrushquiltersguild.ca\\\/wp-content\\\/uploads\\\/2018\\\/11\\\/IMG_2005.jpg?fit=720%2C480&quot;,&quot;id&quot;:&quot;1640&quot;,&quot;title&quot;:&quot;IMG_2005&quot;,&quot;alt&quot;:&quot;&quot;,&quot;caption&quot;:&quot;&quot;,&quot;itemprop&quot;:&quot;image&quot;},{&quot;src&quot;:&quot;https:\\\/\\\/i0.wp.com\\\/www.sagebrushquiltersguild.ca\\\/wp-content\\\/uploads\\\/2018\\\/11\\\/IMG_2007.jpg?fit=720%2C480&quot;,&quot;id&quot;:&quot;1641&quot;,&quot;title&quot;:&quot;IMG_2007&quot;,&quot;alt&quot;:&quot;&quot;,&quot;caption&quot;:&quot;&quot;,&quot;itemprop&quot;:&quot;image&quot;},{&quot;src&quot;:&quot;https:\\\/\\\/i0.wp.com\\\/www.sagebrushquiltersguild.ca\\\/wp-content\\\/uploads\\\/2018\\\/11\\\/IMG_2012-e1541533324714.jpg?fit=480%2C720&quot;,&quot;id&quot;:&quot;1642&quot;,&quot;title&quot;:&quot;IMG_2012&quot;,&quot;alt&quot;:&quot;&quot;,&quot;caption&quot;:&quot;&quot;,&quot;itemprop&quot;:&quot;image&quot;},{&quot;src&quot;:&quot;https:\\\/\\\/i0.wp.com\\\/www.sagebrushquiltersguild.ca\\\/wp-content\\\/uploads\\\/2018\\\/11\\\/IMG_2015.jpg?fit=720%2C480&quot;,&quot;id&quot;:&quot;1643&quot;,&quot;title&quot;:&quot;IMG_2015&quot;,&quot;alt&quot;:&quot;&quot;,&quot;caption&quot;:&quot;&quot;,&quot;itemprop&quot;:&quot;image&quot;},{&quot;src&quot;:&quot;https:\\\/\\\/i0.wp.com\\\/www.sagebrushquiltersguild.ca\\\/wp-content\\\/uploads\\\/2018\\\/11\\\/IMG_2017.jpg?fit=720%2C480&quot;,&quot;id&quot;:&quot;1644&quot;,&quot;title&quot;:&quot;IMG_2017&quot;,&quot;alt&quot;:&quot;&quot;,&quot;caption&quot;:&quot;&quot;,&quot;itemprop&quot;:&quot;image&quot;},{&quot;src&quot;:&quot;https:\\\/\\\/i0.wp.com\\\/www.sagebrushquiltersguild.ca\\\/wp-content\\\/uploads\\\/2018\\\/11\\\/IMG_2019.jpg?fit=720%2C480&quot;,&quot;id&quot;:&quot;1645&quot;,&quot;title&quot;:&quot;IMG_2019&quot;,&quot;alt&quot;:&quot;&quot;,&quot;caption&quot;:&quot;&quot;,&quot;itemprop&quot;:&quot;image&quot;},{&quot;src&quot;:&quot;https:\\\/\\\/i0.wp.com\\\/www.sagebrushquiltersguild.ca\\\/wp-content\\\/uploads\\\/2018\\\/11\\\/IMG_2020.jpg?fit=720%2C480&quot;,&quot;id&quot;:&quot;1646&quot;,&quot;title&quot;:&quot;IMG_2020&quot;,&quot;alt&quot;:&quot;&quot;,&quot;caption&quot;:&quot;&quot;,&quot;itemprop&quot;:&quot;image&quot;},{&quot;src&quot;:&quot;https:\\\/\\\/i0.wp.com\\\/www.sagebrushquiltersguild.ca\\\/wp-content\\\/uploads\\\/2018\\\/11\\\/IMG_8248.jpg?fit=3024%2C4032&quot;,&quot;id&quot;:&quot;1647&quot;,&quot;title&quot;:&quot;IMG_8248&quot;,&quot;alt&quot;:&quot;&quot;,&quot;caption&quot;:&quot;&quot;,&quot;itemprop&quot;:&quot;image&quot;},{&quot;src&quot;:&quot;https:\\\/\\\/i0.wp.com\\\/www.sagebrushquiltersguild.ca\\\/wp-content\\\/uploads\\\/2018\\\/11\\\/IMG_8319.jpg?fit=768%2C1024&quot;,&quot;id&quot;:&quot;1648&quot;,&quot;title&quot;:&quot;IMG_8319&quot;,&quot;alt&quot;:&quot;&quot;,&quot;caption&quot;:&quot;&quot;,&quot;itemprop&quot;:&quot;image&quot;},{&quot;src&quot;:&quot;https:\\\/\\\/i0.wp.com\\\/www.sagebrushquiltersguild.ca\\\/wp-content\\\/uploads\\\/2018\\\/11\\\/IMG_8339-1.jpg?fit=3024%2C4032&quot;,&quot;id&quot;:&quot;1667&quot;,&quot;title&quot;:&quot;IMG_8339&quot;,&quot;alt&quot;:&quot;&quot;,&quot;caption&quot;:&quot;&quot;,&quot;itemprop&quot;:&quot;image&quot;}]\" itemscope itemtype=\"https:\/\/schema.org\/ImageGallery\"><\/div>\n<p>For more info, come to a meeting.<\/p>\n","protected":false},"excerpt":{"rendered":"<p>Every year at Sagebrush Quilters&#8217; Guild, we have 2 retreats, one in the spring in March and one in the fall in November. We have great fun, quilting and enjoying [&hellip;]<\/p>\n","protected":false},"author":1,"featured_media":0,"parent":20,"menu_order":5,"comment_status":"closed","ping_status":"closed","template":"page-fullwidth.php","meta":{"footnotes":""},"class_list":["post-1613","page","type-page","status-publish","hentry"],"jetpack_sharing_enabled":true,"jetpack_shortlink":"https:\/\/wp.me\/PaoHw3-q1","jetpack-related-posts":[{"id":24,"url":"http:\/\/www.sagebrushquiltersguild.ca\/","url_meta":{"origin":1613,"position":0},"title":"Welcome !!!","author":"Quilter","date":"April 29, 2015","format":false,"excerpt":"President's Welcome Welcome, the Sagebrush Quilters\u2019 Guild in Kamloops, British Columbia acknowledges that we meet on the\u00a0 Tk'eml\u00faps te Secw\u00e9pemc territory, situated within the unceded ancestral lands of the Secw\u00e9pemc Nation. We honor and respect the people, the territory, and the land that houses our community. This year we are\u2026","rel":"","context":"Similar post","block_context":{"text":"Similar post","link":""},"img":{"alt_text":"","src":"","width":0,"height":0},"classes":[]},{"id":3176,"url":"http:\/\/www.sagebrushquiltersguild.ca\/?page_id=3176","url_meta":{"origin":1613,"position":1},"title":"Kamloops Sagebrush Quilt Show 2024","author":"Quilter","date":"December 8, 2023","format":false,"excerpt":"Link\u00a0 to 2024 Quilt Show\u00a0 \u00a0Quilt\u00a02024\u00a0Registration Form","rel":"","context":"Similar post","block_context":{"text":"Similar post","link":""},"img":{"alt_text":"","src":"https:\/\/i0.wp.com\/www.sagebrushquiltersguild.ca\/wp-content\/uploads\/2023\/12\/Quilt-Show-Poster-2024.jpg?resize=350%2C200&ssl=1","width":350,"height":200},"classes":[]},{"id":742,"url":"http:\/\/www.sagebrushquiltersguild.ca\/?page_id=742","url_meta":{"origin":1613,"position":2},"title":"Quilt Show, Stitches in Fall 2017","author":"Quilter","date":"April 13, 2017","format":false,"excerpt":"Stitches in Fall Winners Our 2017 quilt show is a thing of the past and was very successful. Several people were particularly lucky and successful. The winner of the viewer\u2019s choice was Joyce Worsfold with her Vintage Valentine quilt. The winner of the block challenge was Heather Campbell with her\u2026","rel":"","context":"Similar post","block_context":{"text":"Similar post","link":""},"img":{"alt_text":"","src":"https:\/\/i0.wp.com\/www.sagebrushquiltersguild.ca\/wp-content\/uploads\/2017\/10\/IMG_4726.jpg?resize=350%2C200","width":350,"height":200,"srcset":"https:\/\/i0.wp.com\/www.sagebrushquiltersguild.ca\/wp-content\/uploads\/2017\/10\/IMG_4726.jpg?resize=350%2C200 1x, https:\/\/i0.wp.com\/www.sagebrushquiltersguild.ca\/wp-content\/uploads\/2017\/10\/IMG_4726.jpg?resize=525%2C300 1.5x, https:\/\/i0.wp.com\/www.sagebrushquiltersguild.ca\/wp-content\/uploads\/2017\/10\/IMG_4726.jpg?resize=700%2C400 2x"},"classes":[]},{"id":2034,"url":"http:\/\/www.sagebrushquiltersguild.ca\/?page_id=2034","url_meta":{"origin":1613,"position":3},"title":"Sagebrush Sorrento Retreat, Spring 2019","author":"Quilter","date":"September 10, 2019","format":false,"excerpt":"Twice a year our guild hosts a quilt retreat in Sorrento, about an hour from Kamloops. They are great fun with your friends and lots of quilting time!","rel":"","context":"Similar post","block_context":{"text":"Similar post","link":""},"img":{"alt_text":"","src":"https:\/\/i0.wp.com\/www.sagebrushquiltersguild.ca\/wp-content\/uploads\/2019\/09\/IMG_3297-e1568149259382.jpg?resize=350%2C200","width":350,"height":200},"classes":[]},{"id":18,"url":"http:\/\/www.sagebrushquiltersguild.ca\/?page_id=18","url_meta":{"origin":1613,"position":4},"title":"Resources","author":"Quilter","date":"April 29, 2015","format":false,"excerpt":"Library Check to see what we have in the Guild library: We are members of the Canadian Quilters Association and the\u00a0American Quilters' Society Comfort Quilts Any members wishing to make blocks for the families of our fallen soldiers can pick up the patterns at www.picketfencefabrics.com.\u00a0\u00a0 Quilts of Valour Canada is\u2026","rel":"","context":"Similar post","block_context":{"text":"Similar post","link":""},"img":{"alt_text":"","src":"","width":0,"height":0},"classes":[]},{"id":12,"url":"http:\/\/www.sagebrushquiltersguild.ca\/?page_id=12","url_meta":{"origin":1613,"position":5},"title":"Meeting Minutes, Quilt Shows &#038; Other Activities","author":"Quilter","date":"April 29, 2015","format":false,"excerpt":"Meetings - Now in Person Meetings are held the 2nd and 4th Monday of the Month\u00a0 Guild Meetings will be held\u00a0 every 2nd and 4th Monday at St. Andrews Presbyterian Church in the lower floor located at 1136 - 6th Ave (6th & Douglas), Kamloops, BC V2C 3S1, from 7:00\u2026","rel":"","context":"Similar post","block_context":{"text":"Similar post","link":""},"img":{"alt_text":"","src":"","width":0,"height":0},"classes":[]}],"_links":{"self":[{"href":"http:\/\/www.sagebrushquiltersguild.ca\/index.php?rest_route=\/wp\/v2\/pages\/1613","targetHints":{"allow":["GET"]}}],"collection":[{"href":"http:\/\/www.sagebrushquiltersguild.ca\/index.php?rest_route=\/wp\/v2\/pages"}],"about":[{"href":"http:\/\/www.sagebrushquiltersguild.ca\/index.php?rest_route=\/wp\/v2\/types\/page"}],"author":[{"embeddable":true,"href":"http:\/\/www.sagebrushquiltersguild.ca\/index.php?rest_route=\/wp\/v2\/users\/1"}],"replies":[{"embeddable":true,"href":"http:\/\/www.sagebrushquiltersguild.ca\/index.php?rest_route=%2Fwp%2Fv2%2Fcomments&post=1613"}],"version-history":[{"count":7,"href":"http:\/\/www.sagebrushquiltersguild.ca\/index.php?rest_route=\/wp\/v2\/pages\/1613\/revisions"}],"predecessor-version":[{"id":2076,"href":"http:\/\/www.sagebrushquiltersguild.ca\/index.php?rest_route=\/wp\/v2\/pages\/1613\/revisions\/2076"}],"up":[{"embeddable":true,"href":"http:\/\/www.sagebrushquiltersguild.ca\/index.php?rest_route=\/wp\/v2\/pages\/20"}],"wp:attachment":[{"href":"http:\/\/www.sagebrushquiltersguild.ca\/index.php?rest_route=%2Fwp%2Fv2%2Fmedia&parent=1613"}],"curies":[{"name":"wp","href":"https:\/\/api.w.org\/{rel}","templated":true}]}}